{"id":25678,"date":"2022-02-23T17:11:45","date_gmt":"2022-02-23T16:11:45","guid":{"rendered":"https:\/\/www.sophiahealth.de\/?page_id=25678"},"modified":"2023-04-23T15:32:24","modified_gmt":"2023-04-23T13:32:24","slug":"zahnaerzte","status":"publish","type":"page","link":"https:\/\/staging.sophiahealth.de\/index.php\/zahnaerzte\/","title":{"rendered":"Zahn\u00e4rzte"},"content":{"rendered":"<div class=\"wpb-content-wrapper\">[vc_row row_type=&#8221;parallax&#8221; text_align=&#8221;left&#8221; background_image=&#8221;25693&#8243; full_screen_section_height=&#8221;yes&#8221; vertically_align_content_in_middle=&#8221;no&#8221; parallax_speed=&#8221;2&#8243;][vc_column][vc_row_inner row_type=&#8221;row&#8221; type=&#8221;grid&#8221; use_row_as_full_screen_section_slide=&#8221;no&#8221; text_align=&#8221;left&#8221; css_animation=&#8221;&#8221;][vc_column_inner css=&#8221;.vc_custom_1642500175109{margin-top: 500px !important;}&#8221;]<div class=\"qode-parallax-holder\" data-parallax=\"{&quot;y&quot;: -200, &quot;smoothness&quot;: 20}\">[vc_column_text]\r\n<h1 style=\"text-align: center;\"><span style=\"color: #000000;\">Zahn\u00e4rzte<\/span><\/h1>\r\n[\/vc_column_text][vc_column_text]\r\n<h2 style=\"text-align: center;\">Eine erfolgreiche Zusammenarbeit<\/h2>\r\n[\/vc_column_text]<\/div>[\/vc_column_inner][\/vc_row_inner][\/vc_column][\/vc_row][vc_row row_type=&#8221;row&#8221; use_row_as_full_screen_section=&#8221;no&#8221; type=&#8221;full_width&#8221; text_align=&#8221;left&#8221; background_color=&#8221;#f9f9f9&#8243; background_animation=&#8221;none&#8221; css_animation=&#8221;&#8221;][vc_column][vc_row_inner row_type=&#8221;row&#8221; type=&#8221;grid&#8221; use_row_as_full_screen_section_slide=&#8221;no&#8221; text_align=&#8221;left&#8221; padding_top=&#8221;75&#8243; padding_bottom=&#8221;0&#8243; css_animation=&#8221;&#8221;][vc_column_inner][vc_column_text]\r\n<h2 style=\"text-align: left;\">Dr. Johannes Neubert<\/h2>\r\n[\/vc_column_text][vc_column_text]\r\n<h3 style=\"text-align: left;\">Ganzheitliche, biologische Zahnmedizin in Langweid bei Augsburg<\/h3>\r\n[\/vc_column_text][\/vc_column_inner][\/vc_row_inner][vc_empty_space][vc_row_inner row_type=&#8221;row&#8221; type=&#8221;grid&#8221; use_row_as_full_screen_section_slide=&#8221;no&#8221; text_align=&#8221;left&#8221; padding_top=&#8221;45&#8243; padding_bottom=&#8221;90&#8243; css_animation=&#8221;&#8221;][vc_column_inner width=&#8221;1\/2&#8243;][vc_empty_space height=&#8221;10px&#8221;][vc_column_text]Bei einem Gro\u00dfteil unserer chronischen kranken Patienten finden wir u.a. \u00a0St\u00f6rfelder im Zahn-Kieferbereich, die h\u00e4ufig bisher nicht erkannt wurden. V.a. stumme Entz\u00fcndungen im Kieferknochen (NICO, Kieferostitis) k\u00f6nnen zu Infektion und Vergiftung\u00a0des Trigeminusnervs und damit des zentralen Nervensystems f\u00fchren.[\/vc_column_text][vc_separator type=&#8221;transparent&#8221; border_style=&#8221;&#8221; up=&#8221;45&#8243; down=&#8221;0&#8243;][vc_single_image image=&#8221;22994&#8243; img_size=&#8221;large&#8221; onclick=&#8221;custom_link&#8221; img_link_target=&#8221;_blank&#8221; qode_css_animation=&#8221;&#8221; link=&#8221;https:\/\/www.dentalmedizin-langweid.de&#8221;][\/vc_column_inner][vc_column_inner width=&#8221;1\/2&#8243;][vc_single_image image=&#8221;22992&#8243; img_size=&#8221;medium&#8221; onclick=&#8221;custom_link&#8221; img_link_target=&#8221;_blank&#8221; qode_css_animation=&#8221;&#8221; link=&#8221;https:\/\/www.dentalmedizin-langweid.de&#8221;][vc_separator type=&#8221;transparent&#8221; border_style=&#8221;&#8221; up=&#8221;25&#8243; down=&#8221;0&#8243;][vc_column_text]Dr. Neubert diagnostiziert, behandelt und operiert unsere Patienten, die von der intensiven Zusammenarbeit profitieren. Individuelle Vor- und Nachbegleitung der zahn\u00e4rztlichen Behandlungen in Kooperation zwischen Zahnarzt und Therapeuten erh\u00f6ht die Chance einer endg\u00fcltigen Ausheilung der St\u00f6rfelder.[\/vc_column_text][vc_separator type=&#8221;transparent&#8221; border_style=&#8221;&#8221; up=&#8221;45&#8243; down=&#8221;0&#8243;]<a href=\"https:\/\/www.dentalmedizin-langweid.de\" target=\"_blank\"  class=\"qbutton  move_icon qbutton_with_icon\" style=\"\">Zur Zahnarztpraxis<i class=\"qode_icon_font_awesome fa fa-arrow-circle-right button_icon\" style=\"\" ><\/i><\/a>[\/vc_column_inner][\/vc_row_inner][vc_row_inner row_type=&#8221;row&#8221; type=&#8221;grid&#8221; use_row_as_full_screen_section_slide=&#8221;no&#8221; text_align=&#8221;left&#8221; padding_top=&#8221;75&#8243; padding_bottom=&#8221;0&#8243; css_animation=&#8221;&#8221;][vc_column_inner][vc_column_text]\r\n<h2 style=\"text-align: left;\">d-tox Zahnzentrum<\/h2>\r\n[\/vc_column_text][vc_column_text]\r\n<h3 style=\"text-align: left;\">biologische Zahnmedizin &#8211;\u00a0Dr. Hans-Ulrich Prein | Katrin Lechl | Dr. Tanja Popovic<\/h3>\r\n[\/vc_column_text][\/vc_column_inner][\/vc_row_inner][vc_empty_space][vc_row_inner row_type=&#8221;row&#8221; type=&#8221;grid&#8221; use_row_as_full_screen_section_slide=&#8221;no&#8221; text_align=&#8221;left&#8221; padding_top=&#8221;45&#8243; padding_bottom=&#8221;90&#8243; css_animation=&#8221;&#8221;][vc_column_inner width=&#8221;1\/2&#8243;][vc_empty_space height=&#8221;10px&#8221;][vc_column_text]In Deutschlands gr\u00f6\u00dftem Zentrum f\u00fcr biologische Zahnmedizin erwartet Sie eine Behandlung, die auf \u00e4sthetisch perfekte und biologisch erstklassige Zahnbehandlungen abzielt. Unser Zahnarzt in Rosenheim zaubert Ihnen ein strahlend sch\u00f6nes L\u00e4cheln ins Gesicht und setzt dar\u00fcber hinaus alles daran, in Ihrer Mundh\u00f6hle f\u00fcr optimale Gesundheit zu sorgen. Die Grundlage dazu bildet die m\u00f6glichst schonende schrittweise Entfernung aller Stress-, St\u00f6r- und Giftquellen sowie Fehlbelastungen.[\/vc_column_text][vc_separator type=&#8221;transparent&#8221; border_style=&#8221;&#8221; up=&#8221;45&#8243; down=&#8221;0&#8243;][vc_single_image image=&#8221;23054&#8243; img_size=&#8221;large&#8221; onclick=&#8221;custom_link&#8221; img_link_target=&#8221;_blank&#8221; qode_css_animation=&#8221;&#8221; link=&#8221;https:\/\/www.d-tox.dental&#8221;][\/vc_column_inner][vc_column_inner width=&#8221;1\/2&#8243;][vc_single_image image=&#8221;23055&#8243; img_size=&#8221;medium&#8221; onclick=&#8221;custom_link&#8221; img_link_target=&#8221;_blank&#8221; qode_css_animation=&#8221;&#8221; link=&#8221;https:\/\/www.d-tox.dental&#8221;][vc_separator type=&#8221;transparent&#8221; border_style=&#8221;&#8221; up=&#8221;25&#8243; down=&#8221;0&#8243;][vc_column_text]Eine chronische Kieferknochenentz\u00fcndung und die damit verbundene Zersetzung des Kieferknochens k\u00f6nnen zu einer sich steigernden, schmerzhaften Reizung der Gesichtsnerven f\u00fchren. Sie kann aber auch frei von Symptomen wie Schwellungen oder Schmerzen ablaufen. Dann bleibt sie oft \u00fcber Jahre hinweg unentdeckt \u2013 zumal sie sich auch im normalen R\u00f6ntgen meistens nicht darstellen l\u00e4sst.[\/vc_column_text][vc_separator type=&#8221;transparent&#8221; border_style=&#8221;&#8221; up=&#8221;45&#8243; down=&#8221;0&#8243;]<a href=\"https:\/\/www.d-tox.dental\" target=\"_self\"  class=\"qbutton  move_icon qbutton_with_icon\" style=\"\">Zur Zahnarztpraxis<i class=\"qode_icon_font_awesome fa fa-arrow-circle-right button_icon\" style=\"\" ><\/i><\/a>[\/vc_column_inner][\/vc_row_inner][\/vc_column][\/vc_row]<\/div>","protected":false},"excerpt":{"rendered":"<p>[vc_row row_type=&#8221;parallax&#8221; text_align=&#8221;left&#8221; background_image=&#8221;25693&#8243; full_screen_section_height=&#8221;yes&#8221; vertically_align_content_in_middle=&#8221;no&#8221; parallax_speed=&#8221;2&#8243;][vc_column][vc_row_inner row_type=&#8221;row&#8221; type=&#8221;grid&#8221; use_row_as_full_screen_section_slide=&#8221;no&#8221; text_align=&#8221;left&#8221; css_animation=&#8221;&#8221;][vc_column_inner css=&#8221;.vc_custom_1642500175109{margin-top: 500px !important;}&#8221;][\/vc_column_inner][\/vc_row_inner][\/vc_column][\/vc_row][vc_row row_type=&#8221;row&#8221; use_row_as_full_screen_section=&#8221;no&#8221; type=&#8221;full_width&#8221; text_align=&#8221;left&#8221; background_color=&#8221;#f9f9f9&#8243; background_animation=&#8221;none&#8221; css_animation=&#8221;&#8221;][vc_column][vc_row_inner row_type=&#8221;row&#8221; type=&#8221;grid&#8221; use_row_as_full_screen_section_slide=&#8221;no&#8221; text_align=&#8221;left&#8221; padding_top=&#8221;75&#8243; padding_bottom=&#8221;0&#8243; css_animation=&#8221;&#8221;][vc_column_inner][vc_column_text] Dr. Johannes Neubert [\/vc_column_text][vc_column_text] Ganzheitliche, biologische Zahnmedizin in Langweid bei Augsburg [\/vc_column_text][\/vc_column_inner][\/vc_row_inner][vc_empty_space][vc_row_inner row_type=&#8221;row&#8221; type=&#8221;grid&#8221; use_row_as_full_screen_section_slide=&#8221;no&#8221; text_align=&#8221;left&#8221;&#8230;<\/p>\n","protected":false},"author":2,"featured_media":0,"parent":0,"menu_order":0,"comment_status":"closed","ping_status":"closed","template":"full_width.php","meta":{"footnotes":""},"class_list":["post-25678","page","type-page","status-publish","hentry"],"_links":{"self":[{"href":"https:\/\/staging.sophiahealth.de\/index.php\/wp-json\/wp\/v2\/pages\/25678","targetHints":{"allow":["GET"]}}],"collection":[{"href":"https:\/\/staging.sophiahealth.de\/index.php\/wp-json\/wp\/v2\/pages"}],"about":[{"href":"https:\/\/staging.sophiahealth.de\/index.php\/wp-json\/wp\/v2\/types\/page"}],"author":[{"embeddable":true,"href":"https:\/\/staging.sophiahealth.de\/index.php\/wp-json\/wp\/v2\/users\/2"}],"replies":[{"embeddable":true,"href":"https:\/\/staging.sophiahealth.de\/index.php\/wp-json\/wp\/v2\/comments?post=25678"}],"version-history":[{"count":18,"href":"https:\/\/staging.sophiahealth.de\/index.php\/wp-json\/wp\/v2\/pages\/25678\/revisions"}],"predecessor-version":[{"id":25849,"href":"https:\/\/staging.sophiahealth.de\/index.php\/wp-json\/wp\/v2\/pages\/25678\/revisions\/25849"}],"wp:attachment":[{"href":"https:\/\/staging.sophiahealth.de\/index.php\/wp-json\/wp\/v2\/media?parent=25678"}],"curies":[{"name":"wp","href":"https:\/\/api.w.org\/{rel}","templated":true}]}}