{"id":23199,"date":"2022-03-13T15:32:28","date_gmt":"2022-03-13T14:32:28","guid":{"rendered":"https:\/\/www.sophiahealth.de\/?page_id=23199"},"modified":"2024-04-30T08:27:04","modified_gmt":"2024-04-30T06:27:04","slug":"aa-ariane-zappe-neu","status":"publish","type":"page","link":"https:\/\/staging.sophiahealth.de\/index.php\/aa-ariane-zappe-neu\/","title":{"rendered":"AA &#8211; Ariane Zappe neu"},"content":{"rendered":"<div class=\"wpb-content-wrapper\">[vc_row row_type=&#8221;parallax&#8221; text_align=&#8221;left&#8221; background_image=&#8221;23222&#8243; full_screen_section_height=&#8221;yes&#8221; vertically_align_content_in_middle=&#8221;no&#8221; parallax_speed=&#8221;2&#8243;][vc_column][vc_row_inner row_type=&#8221;row&#8221; type=&#8221;grid&#8221; use_row_as_full_screen_section_slide=&#8221;no&#8221; text_align=&#8221;left&#8221; css_animation=&#8221;&#8221;][vc_column_inner css=&#8221;.vc_custom_1642500175109{margin-top: 500px !important;}&#8221;]<div class=\"qode-parallax-holder\" data-parallax=\"{&quot;y&quot;: -200, &quot;smoothness&quot;: 20}\">[vc_column_text]\r\n<h1 style=\"text-align: center;\">Ariane Zappe<\/h1>\r\n[\/vc_column_text][vc_column_text]\r\n<h2 style=\"text-align: center;\"><span style=\"color: #ffffff;\">Die Quelle des SHI-Kaufbeuren<\/span><\/h2>\r\n[\/vc_column_text]<\/div>[\/vc_column_inner][\/vc_row_inner][\/vc_column][\/vc_row][vc_row row_type=&#8221;row&#8221; use_row_as_full_screen_section=&#8221;no&#8221; type=&#8221;grid&#8221; text_align=&#8221;left&#8221; background_animation=&#8221;none&#8221; css_animation=&#8221;&#8221;][vc_column][vc_empty_space height=&#8221;64px&#8221;][vc_empty_space height=&#8221;64px&#8221;][vc_row_inner row_type=&#8221;row&#8221; type=&#8221;full_width&#8221; use_row_as_full_screen_section_slide=&#8221;no&#8221; text_align=&#8221;left&#8221; css_animation=&#8221;&#8221;][vc_column_inner width=&#8221;1\/3&#8243;][\/vc_column_inner][vc_column_inner width=&#8221;1\/3&#8243;][vc_column_text]\r\n<blockquote><strong>&#8220;Forschung ist meine Leidenschaft.&#8221;<\/strong><\/blockquote>\r\n[\/vc_column_text][\/vc_column_inner][vc_column_inner width=&#8221;1\/3&#8243;][\/vc_column_inner][\/vc_row_inner][vc_empty_space][\/vc_column][\/vc_row][vc_row row_type=&#8221;row&#8221; use_row_as_full_screen_section=&#8221;no&#8221; type=&#8221;grid&#8221; text_align=&#8221;left&#8221; background_animation=&#8221;none&#8221; css_animation=&#8221;&#8221;][vc_column][vc_row_inner row_type=&#8221;row&#8221; type=&#8221;full_width&#8221; use_row_as_full_screen_section_slide=&#8221;no&#8221; text_align=&#8221;left&#8221; css_animation=&#8221;&#8221;][vc_column_inner width=&#8221;1\/4&#8243;][vc_column_text]\r\n<blockquote>&#8220;Ich lerne jeden Tag von meinen Patienten.&#8221;<\/blockquote>\r\n[\/vc_column_text][\/vc_column_inner][vc_column_inner width=&#8221;3\/4&#8243;][vc_column_text]\r\n<blockquote>&#8220;ImmunSymbiose hat unsere Art und Weise, Ursache und Behandlung zu \u00fcberpr\u00fcfen, dramatisch ver\u00e4ndert.&#8221;<\/blockquote>\r\n[\/vc_column_text][\/vc_column_inner][\/vc_row_inner][\/vc_column][\/vc_row][vc_row row_type=&#8221;row&#8221; use_row_as_full_screen_section=&#8221;no&#8221; type=&#8221;grid&#8221; text_align=&#8221;left&#8221; background_animation=&#8221;none&#8221; css_animation=&#8221;&#8221;][vc_column][vc_empty_space][vc_row_inner row_type=&#8221;row&#8221; type=&#8221;full_width&#8221; use_row_as_full_screen_section_slide=&#8221;no&#8221; text_align=&#8221;left&#8221; css_animation=&#8221;&#8221;][vc_column_inner width=&#8221;1\/5&#8243;][\/vc_column_inner][vc_column_inner width=&#8221;3\/5&#8243;][vc_column_text]\r\n<blockquote>\r\n<p style=\"text-align: center;\">&#8220;Wir ben\u00f6tigen dringend einen Paradigmenwechsel in Bezug auf Keime.&#8221;<\/p>\r\n<\/blockquote>\r\n[\/vc_column_text][\/vc_column_inner][vc_column_inner width=&#8221;1\/5&#8243;][\/vc_column_inner][\/vc_row_inner][vc_row_inner row_type=&#8221;row&#8221; type=&#8221;full_width&#8221; use_row_as_full_screen_section_slide=&#8221;no&#8221; text_align=&#8221;left&#8221; css_animation=&#8221;&#8221;][vc_column_inner width=&#8221;1\/5&#8243;][\/vc_column_inner][vc_column_inner width=&#8221;3\/5&#8243;][\/vc_column_inner][vc_column_inner width=&#8221;1\/5&#8243;][vc_column_text]\r\n<blockquote>\r\n<p style=\"text-align: center;\"><strong>&#8220;Wie passt das eigentlich zusammen?&#8221;<\/strong><\/p>\r\n<\/blockquote>\r\n[\/vc_column_text][\/vc_column_inner][\/vc_row_inner][\/vc_column][\/vc_row][vc_row row_type=&#8221;row&#8221; use_row_as_full_screen_section=&#8221;no&#8221; type=&#8221;grid&#8221; text_align=&#8221;left&#8221; background_animation=&#8221;none&#8221; css_animation=&#8221;&#8221;][vc_column][vc_empty_space height=&#8221;64px&#8221;][vc_row_inner row_type=&#8221;row&#8221; type=&#8221;full_width&#8221; use_row_as_full_screen_section_slide=&#8221;no&#8221; text_align=&#8221;left&#8221; css_animation=&#8221;&#8221;][vc_column_inner width=&#8221;1\/3&#8243;][vc_column_text]\r\n<blockquote><strong>&#8220;Wie also k\u00f6nnen wir unsere Keime sch\u00fctzen und pflegen?&#8221;<\/strong><\/blockquote>\r\n[\/vc_column_text][vc_column_text]\r\n<blockquote>&nbsp;\r\n\r\n&nbsp;\r\n\r\n&nbsp;\r\n<p style=\"padding-left: 80px;\">&#8220;Brauchen wir nicht dringend ein tiefgreifendes Umdenken im Umgang mit allen Keimen?&#8221;<\/p>\r\n<\/blockquote>\r\n[\/vc_column_text][\/vc_column_inner][vc_column_inner width=&#8221;1\/3&#8243;][vc_single_image image=&#8221;23205&#8243; img_size=&#8221;medium&#8221; onclick=&#8221;custom_link&#8221; img_link_target=&#8221;_blank&#8221; qode_css_animation=&#8221;&#8221; link=&#8221;http:\/\/ariane-zappe.de\/&#8221;]<a href=\"https:\/\/www.ariane-zappe.de\/index.php\/de\/ariane-zappe-de\/\" target=\"_blank\"  class=\"qbutton  move_icon qbutton_with_icon\" style=\"\">mehr auf Ariane-Zappe.de<i class=\"qode_icon_font_awesome fa fa-arrow-circle-right button_icon\" style=\"\" ><\/i><\/a>[\/vc_column_inner][vc_column_inner width=&#8221;1\/3&#8243;][vc_column_text]\r\n<blockquote>&nbsp;\r\n<p style=\"padding-left: 40px;\">&#8220;Das Immunsystem besteht aus zwei Anteilen, die symbiotisch zusammenarbeiten, nicht nur, um den Organismus zu erhalten, sondern vor allem im Bestreben nach Weiterentwicklung.&#8221;<\/p>\r\n<\/blockquote>\r\n[\/vc_column_text][\/vc_column_inner][\/vc_row_inner][vc_empty_space height=&#8221;64px&#8221;][\/vc_column][\/vc_row][vc_row row_type=&#8221;row&#8221; use_row_as_full_screen_section=&#8221;no&#8221; type=&#8221;grid&#8221; text_align=&#8221;left&#8221; background_animation=&#8221;none&#8221; css_animation=&#8221;&#8221;][vc_column][vc_row_inner row_type=&#8221;row&#8221; type=&#8221;full_width&#8221; use_row_as_full_screen_section_slide=&#8221;no&#8221; text_align=&#8221;left&#8221; css_animation=&#8221;&#8221;][vc_column_inner width=&#8221;2\/3&#8243;][vc_column_text]\r\n<blockquote><strong>&#8220;Vor allem kann ich es nicht vers\u00e4umen, die Weisheit der Natur anzuerkennen und ihr meinen Respekt zu erweisen.&#8221;<\/strong><\/blockquote>\r\n[\/vc_column_text][\/vc_column_inner][vc_column_inner width=&#8221;1\/3&#8243;][\/vc_column_inner][\/vc_row_inner][vc_row_inner row_type=&#8221;row&#8221; type=&#8221;full_width&#8221; use_row_as_full_screen_section_slide=&#8221;no&#8221; text_align=&#8221;left&#8221; css_animation=&#8221;&#8221;][vc_column_inner width=&#8221;1\/2&#8243;][\/vc_column_inner][vc_column_inner width=&#8221;1\/2&#8243;][vc_column_text]\r\n<blockquote>&#8220;Heute ist mir klarer denn je, dass die ImmunSymbiose, das symbiotische Zusammenspiel von Mikroben und Mensch, die zentrale Grundlage f\u00fcr Gesundheit, Kreativit\u00e4t und Entwicklung darstellt.&#8221;<\/blockquote>\r\n[\/vc_column_text][\/vc_column_inner][\/vc_row_inner][\/vc_column][\/vc_row][vc_row row_type=&#8221;row&#8221; use_row_as_full_screen_section=&#8221;no&#8221; type=&#8221;full_width&#8221; text_align=&#8221;left&#8221; background_animation=&#8221;none&#8221; css_animation=&#8221;&#8221;][vc_column][vc_empty_space height=&#8221;192px&#8221;][vc_row_inner row_type=&#8221;row&#8221; type=&#8221;full_width&#8221; use_row_as_full_screen_section_slide=&#8221;no&#8221; text_align=&#8221;left&#8221; css_animation=&#8221;&#8221;][vc_column_inner][vc_column_text]\r\n<h1 style=\"text-align: center;\"><span style=\"color: #000000;\"><strong>Neugierig?<\/strong><\/span><\/h1>\r\n[\/vc_column_text][\/vc_column_inner][\/vc_row_inner][\/vc_column][\/vc_row][vc_row row_type=&#8221;row&#8221; use_row_as_full_screen_section=&#8221;no&#8221; type=&#8221;full_width&#8221; text_align=&#8221;left&#8221; background_animation=&#8221;none&#8221; css_animation=&#8221;&#8221;][vc_column][vc_row_inner row_type=&#8221;row&#8221; type=&#8221;full_width&#8221; use_row_as_full_screen_section_slide=&#8221;no&#8221; text_align=&#8221;left&#8221; css_animation=&#8221;&#8221;][vc_column_inner width=&#8221;1\/5&#8243;][\/vc_column_inner][vc_column_inner width=&#8221;3\/5&#8243; offset=&#8221;vc_col-lg-offset-0 vc_col-md-offset-0 vc_col-sm-offset-0 vc_col-xs-3\/5&#8243;][vc_raw_html]JTVCY29vbC1wcm9jZXNzJTIwY2F0ZWdvcnklM0QlMjJBcnJvdyUyMERvd24lMjIlMjB0eXBlJTNEJTIyZGVmYXVsdCUyMiUyMHNlbGVjdC12aWV3JTNEJTIyZGVmYXVsdCUyMiUyMHNob3ctcG9zdHMlM0QlMjIxJTIyJTIwaWNvbi1zaXplJTNEJTIyMTAwcHglMjIlMjBhbmltYXRpb24lM0QlMjJubyUyMiUyMGF1dG9wbGF5JTNEJTIyZmFsc2UlMjIlMjBjb250ZW50JTNEJTIyZnVsbCUyMiUyMGNvbnRlbnQtbGVuZ3RoJTNEJTIyJTIyJTIwcmVhZC1tb3JlLWJ1dHRvbiUzRCUyMm5vJTIyJTIwcmVhZC1tb3JlLXRleHQlM0QlMjIlMjIlNUQlMEE=[\/vc_raw_html][\/vc_column_inner][vc_column_inner width=&#8221;1\/5&#8243;][\/vc_column_inner][\/vc_row_inner][\/vc_column][\/vc_row][vc_row row_type=&#8221;row&#8221; use_row_as_full_screen_section=&#8221;no&#8221; type=&#8221;grid&#8221; text_align=&#8221;left&#8221; background_animation=&#8221;none&#8221; css_animation=&#8221;&#8221;][vc_column]\t<div class=\"ih-item circle effect13 top_to_bottom\"\r\n\t\tstyle=\"border: 0 solid ;\">\r\n\t\t\t\t\t<a href=\"https:\/\/www.ariane-zappe.de\/index.php\/ariane-zappe-de\/\" target=\"_blank\">\r\n\t\t\t\t\t      <div class=\"img\">\r\n\t      \t<span style=\"box-shadow: inset 0 0 0 0 , 0 1px 2px rgba(0, 0, 0, .3); opacity: 0.6;\"><\/span>\r\n\t      \t<img decoding=\"async\" src=\"https:\/\/staging.sophiahealth.de\/wp-content\/uploads\/2022\/02\/pilotin_2.jpeg\">\r\n\t      <\/div>\r\n\t      <div class=\"info\" style=\"background-color: ;\">\r\n\t      \t<div style=\"display:table;width:100%;height:100%;\">\r\n\t\t    \t<div style=\"display: table-cell !important;vertical-align: middle !important;\">\r\n\t\t\t      \t<h3 style=\"color: ; background: ; font-size: 50px;\">\r\n\t\t\t      \t\t\u00dcber mich\t\t\t      \t<\/h3>\r\n\t\t\t      \t<p style=\"color: ; font-size: 35px;\">\r\n\t\t\t      \t\tvon der Pilotin zur Therapeutin\t\t\t      \t<\/p>\r\n\t      \t\t<\/div>\r\n\t      \t<\/div>\r\n\t      <\/div>\r\n\t    <\/a>\r\n\t<\/div>\r\n[vc_empty_space][\/vc_column][\/vc_row][vc_row row_type=&#8221;row&#8221; use_row_as_full_screen_section=&#8221;no&#8221; type=&#8221;grid&#8221; text_align=&#8221;left&#8221; background_animation=&#8221;none&#8221; css_animation=&#8221;&#8221;][vc_column]\t<div class=\"ih-item circle effect13 top_to_bottom\"\r\n\t\tstyle=\"border: 0 solid ;\">\r\n\t\t\t\t\t<a href=\"https:\/\/www.sophiahealth.de\/index.php\/de\/immunsymbiose\/\" target=\"_blank\">\r\n\t\t\t\t\t      <div class=\"img\">\r\n\t      \t<span style=\"box-shadow: inset 0 0 0 0 , 0 1px 2px rgba(0, 0, 0, .3); opacity: 0.6;\"><\/span>\r\n\t      \t<img decoding=\"async\" src=\"https:\/\/staging.sophiahealth.de\/wp-content\/uploads\/2022\/02\/damian-markutt-GGHFVJ8eoqE-unsplash-scaled.jpg\">\r\n\t      <\/div>\r\n\t      <div class=\"info\" style=\"background-color: ;\">\r\n\t      \t<div style=\"display:table;width:100%;height:100%;\">\r\n\t\t    \t<div style=\"display: table-cell !important;vertical-align: middle !important;\">\r\n\t\t\t      \t<h3 style=\"color: ; background: ; font-size: 50px;\">\r\n\t\t\t      \t\tImmunSymbiose\t\t\t      \t<\/h3>\r\n\t\t\t      \t<p style=\"color: ; font-size: 35px;\">\r\n\t\t\t      \t\tKeime verstehen\t\t\t      \t<\/p>\r\n\t      \t\t<\/div>\r\n\t      \t<\/div>\r\n\t      <\/div>\r\n\t    <\/a>\r\n\t<\/div>\r\n[vc_empty_space][\/vc_column][\/vc_row][vc_row row_type=&#8221;row&#8221; use_row_as_full_screen_section=&#8221;no&#8221; type=&#8221;grid&#8221; text_align=&#8221;left&#8221; background_animation=&#8221;none&#8221; css_animation=&#8221;&#8221;][vc_column]\t<div class=\"ih-item circle effect13 top_to_bottom\"\r\n\t\tstyle=\"border: 0 solid ;\">\r\n\t\t\t\t\t<a href=\"https:\/\/www.sophiahealth.de\/index.php\/de\/matrixtechnik\/\" target=\"_blank\">\r\n\t\t\t\t\t      <div class=\"img\">\r\n\t      \t<span style=\"box-shadow: inset 0 0 0 0 , 0 1px 2px rgba(0, 0, 0, .3); opacity: 0.6;\"><\/span>\r\n\t      \t<img decoding=\"async\" src=\"https:\/\/staging.sophiahealth.de\/wp-content\/uploads\/2022\/02\/Happiness.jpeg\">\r\n\t      <\/div>\r\n\t      <div class=\"info\" style=\"background-color: ;\">\r\n\t      \t<div style=\"display:table;width:100%;height:100%;\">\r\n\t\t    \t<div style=\"display: table-cell !important;vertical-align: middle !important;\">\r\n\t\t\t      \t<h3 style=\"color: ; background: ; font-size: 50px;\">\r\n\t\t\t      \t\tMatrixTechnik\t\t\t      \t<\/h3>\r\n\t\t\t      \t<p style=\"color: ; font-size: 35px;\">\r\n\t\t\t      \t\tBindegewebe, Lymphe, Faszien\t\t\t      \t<\/p>\r\n\t      \t\t<\/div>\r\n\t      \t<\/div>\r\n\t      <\/div>\r\n\t    <\/a>\r\n\t<\/div>\r\n[vc_empty_space][\/vc_column][\/vc_row][vc_row row_type=&#8221;row&#8221; use_row_as_full_screen_section=&#8221;no&#8221; type=&#8221;grid&#8221; text_align=&#8221;left&#8221; background_animation=&#8221;none&#8221; css_animation=&#8221;&#8221;][vc_column]\t<div class=\"ih-item circle effect13 top_to_bottom\"\r\n\t\tstyle=\"border: 0 solid ;\">\r\n\t\t\t\t\t<a href=\"https:\/\/www.ariane-zappe.de\/index.php\/de\/sophiaviva-mittel\/\" target=\"_blank\">\r\n\t\t\t\t\t      <div class=\"img\">\r\n\t      \t<span style=\"box-shadow: inset 0 0 0 0 , 0 1px 2px rgba(0, 0, 0, .3); opacity: 0.6;\"><\/span>\r\n\t      \t<img decoding=\"async\" src=\"https:\/\/staging.sophiahealth.de\/wp-content\/uploads\/2022\/02\/DSC00501-scaled.jpg\">\r\n\t      <\/div>\r\n\t      <div class=\"info\" style=\"background-color: ;\">\r\n\t      \t<div style=\"display:table;width:100%;height:100%;\">\r\n\t\t    \t<div style=\"display: table-cell !important;vertical-align: middle !important;\">\r\n\t\t\t      \t<h3 style=\"color: ; background: ; font-size: 50px;\">\r\n\t\t\t      \t\tFrequenzakkorde\t\t\t      \t<\/h3>\r\n\t\t\t      \t<p style=\"color: ; font-size: 35px;\">\r\n\t\t\t      \t\tDie Arbeit mit den SophiaViva Mitteln\t\t\t      \t<\/p>\r\n\t      \t\t<\/div>\r\n\t      \t<\/div>\r\n\t      <\/div>\r\n\t    <\/a>\r\n\t<\/div>\r\n[vc_empty_space][\/vc_column][\/vc_row][vc_row row_type=&#8221;row&#8221; use_row_as_full_screen_section=&#8221;no&#8221; type=&#8221;full_width&#8221; text_align=&#8221;left&#8221; background_animation=&#8221;none&#8221; css_animation=&#8221;&#8221;][vc_column][vc_empty_space][\/vc_column][\/vc_row]<\/div>","protected":false},"excerpt":{"rendered":"<p>[vc_row row_type=&#8221;parallax&#8221; text_align=&#8221;left&#8221; background_image=&#8221;23222&#8243; full_screen_section_height=&#8221;yes&#8221; vertically_align_content_in_middle=&#8221;no&#8221; parallax_speed=&#8221;2&#8243;][vc_column][vc_row_inner row_type=&#8221;row&#8221; type=&#8221;grid&#8221; use_row_as_full_screen_section_slide=&#8221;no&#8221; text_align=&#8221;left&#8221; css_animation=&#8221;&#8221;][vc_column_inner css=&#8221;.vc_custom_1642500175109{margin-top: 500px !important;}&#8221;][\/vc_column_inner][\/vc_row_inner][\/vc_column][\/vc_row][vc_row row_type=&#8221;row&#8221; use_row_as_full_screen_section=&#8221;no&#8221; type=&#8221;grid&#8221; text_align=&#8221;left&#8221; background_animation=&#8221;none&#8221; css_animation=&#8221;&#8221;][vc_column][vc_empty_space height=&#8221;64px&#8221;][vc_empty_space height=&#8221;64px&#8221;][vc_row_inner row_type=&#8221;row&#8221; type=&#8221;full_width&#8221; use_row_as_full_screen_section_slide=&#8221;no&#8221; text_align=&#8221;left&#8221; css_animation=&#8221;&#8221;][vc_column_inner width=&#8221;1\/3&#8243;][\/vc_column_inner][vc_column_inner width=&#8221;1\/3&#8243;][vc_column_text] &#8220;Forschung ist meine Leidenschaft.&#8221; [\/vc_column_text][\/vc_column_inner][vc_column_inner width=&#8221;1\/3&#8243;][\/vc_column_inner][\/vc_row_inner][vc_empty_space][\/vc_column][\/vc_row][vc_row row_type=&#8221;row&#8221; use_row_as_full_screen_section=&#8221;no&#8221; type=&#8221;grid&#8221; text_align=&#8221;left&#8221; background_animation=&#8221;none&#8221; css_animation=&#8221;&#8221;][vc_column][vc_row_inner row_type=&#8221;row&#8221; type=&#8221;full_width&#8221; use_row_as_full_screen_section_slide=&#8221;no&#8221;&#8230;<\/p>\n","protected":false},"author":2,"featured_media":0,"parent":0,"menu_order":0,"comment_status":"closed","ping_status":"closed","template":"full_width.php","meta":{"footnotes":""},"class_list":["post-23199","page","type-page","status-publish","hentry"],"_links":{"self":[{"href":"https:\/\/staging.sophiahealth.de\/index.php\/wp-json\/wp\/v2\/pages\/23199","targetHints":{"allow":["GET"]}}],"collection":[{"href":"https:\/\/staging.sophiahealth.de\/index.php\/wp-json\/wp\/v2\/pages"}],"about":[{"href":"https:\/\/staging.sophiahealth.de\/index.php\/wp-json\/wp\/v2\/types\/page"}],"author":[{"embeddable":true,"href":"https:\/\/staging.sophiahealth.de\/index.php\/wp-json\/wp\/v2\/users\/2"}],"replies":[{"embeddable":true,"href":"https:\/\/staging.sophiahealth.de\/index.php\/wp-json\/wp\/v2\/comments?post=23199"}],"version-history":[{"count":129,"href":"https:\/\/staging.sophiahealth.de\/index.php\/wp-json\/wp\/v2\/pages\/23199\/revisions"}],"predecessor-version":[{"id":25919,"href":"https:\/\/staging.sophiahealth.de\/index.php\/wp-json\/wp\/v2\/pages\/23199\/revisions\/25919"}],"wp:attachment":[{"href":"https:\/\/staging.sophiahealth.de\/index.php\/wp-json\/wp\/v2\/media?parent=23199"}],"curies":[{"name":"wp","href":"https:\/\/api.w.org\/{rel}","templated":true}]}}